-1014142
In base 6, what is 20253 - -4?
20301
In base 16, what is -d1f - -b4?
-c6b
In base 7, what is -1300 + -11?
-1311
In base 6, what is -3 + -131153?
-131200
In base 9, what is -333 + 46?
-276
In base 11, what is -4325 + 4?
-4321
In base 4, what is -1 - -10101011302?
10101011301
In base 3, what is -1100211 + -20?
-1101001
In base 2, what is -1000 + 10011000110111?
10011000101111
In base 13, what is 39704 - -1?
39705
In base 10, what is 1310 - 221?
1089
In base 16, what is -1 - 4fc1b?
-4fc1c
In base 11, what is -8 - 2422?
-242a
In base 8, what is -17 + -262773?
-263012
In base 2, what is 1010 - -1100101011111?
1100101101001
In base 9, what is -8 - -3232?
3223
In base 2, what is -1101100101 + -1001011011?
-10111000000
In base 9, what is -2252 + -5?
-2257
In base 7, what is 400 + -1313?
-613
In base 10, what is 5 - -5294?
5299
In base 7, what is 3 + -31521?
-31515
In base 6, what is 1413553 + -4?
1413545
In base 10, what is 103824 + 17?
103841
In base 14, what is 10dd - -2b?
112a
In base 5, what is -4 + -231130?
-231134
In base 4, what is -2221 - 20113?
-23000
In base 13, what is -11b + 62b?
510
In base 14, what is 966 + 115?
a7b
In base 14, what is -83db3b - -2?
-83db39
In base 6, what is 2023 + 34?
2101
In base 16, what is -1a4 + -35?
-1d9
In base 7, what is 1 + -661553?
-661552
In base 5, what is 12114 - 143?
11421
In base 8, what is -23223 + -115?
-23340
In base 10, what is -2 - 60266?
-60268
In base 6, what is 0 + 35052005?
35052005
In base 8, what is 3162 - -4773?
10155
In base 10, what is -92 - 741?
-833
In base 8, what is -2 - 272713?
-272715
In base 15, what is e - -67e4?
6803
In base 2, what is -10011101010100001110 - -100?
-10011101010100001010
In base 14, what is 3 + -13a2?
-139d
In base 8, what is 3 - 14513?
-14510
In base 3, what is 22020 - -1121211?
1221001
In base 9, what is -2 + 86347?
86345
In base 11, what is -449 - 505?
-953
In base 16, what is -96c29 + 2?
-96c27
In base 12, what is 3 - 6800?
-67b9
In base 4, what is -2 + 112120021?
112120013
In base 12, what is 61909 - 1?
61908
In base 3, what is -10001 - 21010120?
-21020121
In base 16, what is 1f79 + -6?
1f73
In base 8, what is 1 - 26472?
-26471
In base 4, what is 2302302 + 3200?
2312102
In base 14, what is d7 + -111?
-18
In base 15, what is -21 + -14e5c?
-14e7d
In base 5, what is 100031 - -11314?
111400
In base 8, what is -4 - -25525?
25521
In base 4, what is 11100332 - 132?
11100200
In base 2, what is -111 + -110010111?
-110011110
In base 12, what is 2 - -945a?
9460
In base 6, what is -10011052 + -5?
-10011101
In base 14, what is 5 + b288?
b28d
In base 15, what is -1234 - -6?
-122d
In base 7, what is -64144 + -3?
-64150
In base 7, what is -20232 - 242?
-20504
In base 9, what is -2226 - -4145?
1818
In base 15, what is 15 + -669?
-654
In base 14, what is -1 + -a7238?
-a7239
In base 6, what is 0 + -3445440?
-3445440
In base 11, what is 121 - 49a?
-379
In base 12, what is -7 - -65a3?
6598
In base 11, what is -113 + -634?
-747
In base 9, what is -2204 - 15?
-2220
In base 14, what is -d69 - 582?
-150b
In base 7, what is 1 + 2021?
2022
In base 4, what is -2 - -2200012?
2200010
In base 10, what is 1500 + 216?
1716
In base 16, what is -275ce7 + 2?
-275ce5
In base 7, what is -5454 + 3?
-5451
In base 4, what is -11112011 - 1211?
-11113222
In base 12, what is 1558 - -411?
1969
In base 13, what is 35 - -160?
195
In base 14, what is -b59 + 29?
-b30
In base 13, what is -11bc9 + 5?
-11bc4
In base 8, what is 7143 - -1330?
10473
In base 2, what is 11011000001000100 - 101?
11011000000111111
In base 13, what is -22 + 3c648?
3c626
In base 12, what is -b9ab + -3?
-b9b2
In base 3, what is -12120 + -20120112?
-20210002
In base 16, what is 8b6 + 1e?
8d4
In base 13, what is 3 - -20a832?
20a835
In base 14, what is -c + 37457?
37449
In base 7, what is -22 - 2664?
-3016
In base 16, what is 1e3 + 23c?
41f
In base 10, what is -32695 + -3?
-32698
In base 11, what is 179 - -1189?
1357
In base 3, what is 0 - 2200110112?
-2200110112
In base 12, what is 68035 - 2?
68033
In base 14, what is -3 - 13a7?
-13aa
In base 4, what is 0 - 230012001?
-230012001
In base 9, what is 1434 - -15?
1450
In base 6, what is 11011115 + 30?
11011145
In base 7, what is -30 + 42563?
42533
In base 3, what is 1020001 + 20202?
1110210
In base 10, what is 5 - -663?
668
In base 10, what is -1200 - 40?
-1240
In base 14, what is -4 - 86087?
-8608b
In base 14, what is 1 - 3965b?
-3965a
In base 9, what is -577564 + 6?
-577557
In base 15, what is 3 - 61028?
-61025
In base 16, what is 3 - -1cdee?
1cdf1
In base 2, what is 10000100111000 + 0?
10000100111000
In base 12, what is 207 - 131?
96
In base 13, what is -2a + -58?
-85
In base 15, what is -2c40 - 70?
-2cb0
In base 9, what is -80856 + 10?
-80846
In base 13, what is a6 + -645?
-56c
In base 5, what is -10 - -334240?
334230
In base 14, what is 41 - c14?
-bb3
In base 4, what is 10 - -1212231312?
1212231322
In base 6, what is -24113 + 102?
-24011
In base 10, what is -2873 + 5?
-2868
In base 16, what is -3 + 3b6d3?
3b6d0
In base 4, what is 3 + 11120003?
11120012
In base 16, what is -4 - -3d7f?
3d7b
In base 8, what is -572212 - 1?
-572213
In base 6, what is -110101 + -255?
-110400
In base 5, what is 103123 + -204?
102414
In base 2, what is -110001111000 - 1000?
-110010000000
In base 10, what is 3 - 317?
-314
In base 3, what is 200 + -22011011?
-22010111
In base 6, what is -115554 + -54?
-120052
In base 14, what is -4d + -188?
-1d7
In base 16, what is 17a1c + -d?
17a0f
In base 15, what is 1228d + -2?
1228b
In base 2, what is 110001110010101001 + 1110?
110001110010110111
In base 12, what is 6089 + 6?
6093
In base 6, what is 10235 - 1?
10234
In base 13, what is -27764 + 40?
-27724
In base 13, what is -8 + -393a3?
-393ab
In base 11, what is 4679 + 193?
4861
In base 14, what is -206 + 67?
-17d
In base 4, what is 3100 + -3222?
-122
In base 5, what is 1423 + 103131?
110104
In base 8, what is -51104 - -3?
-51101
In base 8, what is -5160040 - -4?
-5160034
In base 11, what is -a239 - -23?
-a216
In base 3, what is 1020000020201 + -11?
1020000020120
In base 9, what is -71 + 671?
600
In base 4, what is -1011131001 - -1?
-1011131000
In base 15, what is -cb490 + 4?
-cb48b
In base 9, what is -202 - -267?
65
In base 13, what is 2b09 + -30?
2aa9
In base 15, what is -29b2 - -9?
-29a8
In base 4, what is -11 + -22002211?
-22002222
In base 8, what is -1745 + -61?
-2026
In base 6, what is -10 - 310152?
-310202
In base 12, what is -45 + 15b8?
1573
In base 6, what is 2 - -4542510?
4542512
In base 6, what is 2 - 133521?
-133515
In base 8, what is -7 - 34355?
-34364
In base 10, what is 16575 - -12?
16587
In base 10, what is -3 - -2008?
2005
In base 15, what is -1 + -c8ca?
-c8cb
In base 14, what is -3 + 4049d?
4049a
In base 2, what is 110100 - 10011101110?
-10010111010
In base 4, what is 220 - 2121303?
-2121023
In base 3, what is 2000021 + 220?
2001011
In base 7, what is 0 - -130410?
130410
In base 12, what is -426 - 1a?
-444
In base 14, what is cd3 - -469?
135c
In base 15, what is -192 + 3ac?
21a
In base 15, what is 19612 + 0?
19612
In base 3, what is -1112221220 - 1?
-1112221221
In base 4, what is 131222 - -31?
131313
In base 5, what is 233214 + 4?
233223
In base 10, what is -702 - 120?
-822
In base 2, what is -111011101010101100 + 1110?
-111011101010011110
In base 14, what is -125142 - 5?
-125147
In base 11, what is -12 + -2821?
-2833
In base 16, what is 10 - -85a?
86a
In base 5, what is 2131 - 3140?
-1004
In base 2, what is 111 - -11001000011100?
11001000100011
In base 8, what is -4 - 107265?
-107271
In base 8, what is -6130 + 13?
-6115
In base 10, what is 1187838 + -5?
1187833
In base 2, what is -111110 + -1010?
-1001000
In base 5, what is 32332 + 1120?
34002
In base 5, what is -332002 + 3?
-331444
In base 11, what is -1 - -5664?
5663
In base 13, what is 5 - -40901?
40906
In base 8, what is -43413 - 0?
-43413
In base 4, what is 332211 + 2?
332213
In base 3, what is 10021 - 111102211?
-111022120
In base 14, what is -7443 - 1?
-7444
In base 12, what is 1894 - -16?
18aa
In base 11, what is 68918 + -1?
68917
In base 2, what is 100011110000100111 + 11100?
100011110001000011
In base 5, what is -14404 - -1023?
-13331
In base 5, what is 14200432 - 2?
14200430
In base 3, what is -220 - 112221120?
-112222110
In base 3, 